alculate -2 + 9 + -6 + 9.
10
Calculate 3 + 2 + -10 + 12 + 1.
8
Calculate -5 + 2 + 6 + 12 + -20.
-5
Calculate 1 + 6 - -9 - 9.
7
What is the value of 5 + -6 + -5 + 2 + 3?
-1
-1 - -2 - (15 + -11)
-3
What is the value of (12 - 5) + -6 - 5?
-4
What is 3 + -4 + 6 + -4?
1
What is the value of (-3 - (2 + -4)) + -13 - -5?
-9
Evaluate (8 + 6 - 14) + -6.
-6
-7 - (-2 - 0 - (-38 - -37))
-6
Evaluate 0 - ((0 - 0) + 8 - 3).
-5
(19 - 11) + (-2 - 7) - -9
8
What is the value of (-2 + 6 - (-1 + 1)) + -1?
3
Calculate 9 - (-5 + 12 + 4).
-2
What is the value of -4 + 2 + 0 + 3 - 4?
-3
Calculate 0 + -3 + (3 + 4 - 5).
-1
What is the value of (-3 - 0) + (49 - 50)?
-4
What is the value of (0 - 3) + (25 - 23)?
-1
What is the value of 2 + 1 + 1 + 0?
4
2 + (-1 - -1) + -4
-2
Calculate 0 + -2 + 2 + (-15 - -9).
-6
What is the value of (22 - 12) + -2 + -7?
1
Calculate (-7 - (-6 + 0)) + 3.
2
Evaluate -16 - ((-11 - -7) + -4).
-8
Evaluate 6 - (1 - (-15 + 4)).
-6
What is the value of 0 + 3 + (-9 - -7)?
1
What is the value of (-1 - (0 - 2)) + -26 + 23?
-2
Evaluate 1 + (-7 + 12 + -7 - 1).
-2
Evaluate (2 + -2 - -2) + -10 + 4.
-4
Evaluate 2 + 1 + 17 - 6 - 7.
7
What is the value of 5 + (3 - 7) + 3 - 6?
-2
Evaluate 3 + (1 - 6) - -4 - 0.
2
What is the value of -2 + 1 + -3 + (0 - -1)?
-3
Evaluate -4 - (5 + (-3 - 1)).
-5
Calculate 3 - (1 + -1 - 2).
5
Calculate 3 + -2 + -3 + 7.
5
Calculate (-15 - -1) + -51 + 58.
-7
(4 - 11) + -1 + 1 - -3
-4
Evaluate -11 + 6 - -8 - 8.
-5
Calculate (5 - 12 - -7) + 2.
2
What is the value of 1 + (-3 - (-2 + 1))?
-1
Calculate (3 - 14) + 13 + (-5 - 0).
-3
What is 7 - (3 - 1) - 2?
3
Evaluate 10 + (-3 - 7) + -2.
-2
4 + (-1 - 1) - -4
6
4 - ((-5 + 10 - -4) + -5)
0
-2 - (2 + -3) - (-8 + 6)
1
What is the value of (4 - (3 + 0) - -1) + 1?
3
Calculate (-2 - (-4 - -2)) + -1 - -1.
0
Calculate (0 - (-2 + 1 - -14)) + 5.
-8
What is 8 - 2 - ((-7 - 1) + 11)?
3
Calculate 1 + (4 - (1 - 3) - 3).
4
What is (-4 - (-10 - -3)) + 1?
4
What is -13 + 18 - (1 - -1)?
3
Evaluate 0 + 2 + (3 - (3 + -3)).
5
Calculate 0 + (-3 - -11) + 0 - 16.
-8
Evaluate 3 + (-6 - -3 - 0) + -3.
-3
Calculate 3 + 3 + (1 - 5).
2
What is the value of 0 - (5 + -5 + 0 + 4)?
-4
Calculate -2 + (-8 - -2 - (-1 - 1)).
-6
What is 7 - (-1 - -1 - (2 + -5))?
4
What is the value of -4 - (0 + 0 - 6)?
2
What is 0 + -2 + 0 + 1 + -1?
-2
Calculate 2 - 1 - -1 - (-3 - -7).
-2
What is (6 - (-2 - -2) - 0) + -7?
-1
What is the value of 0 + (2 - 2) + (1 - -4)?
5
What is 1 + 4 + -5 - -2?
2
(6 - -1) + -7 + (1 - 6)
-5
Calculate -2 + (1 - -5) - (-7 - -16).
-5
4 + -16 + 4 - -8
0
Evaluate (-7 - 0) + (-5 - -11) + 6.
5
Calculate -1 - (-3 - (-11 + 1)).
-8
What is 5 - (8 - (0 - -4)) - -2?
3
What is 1 - 16 - -2 - (-21 - -16)?
-8
What is -14 + -10 + 24 + -7?
-7
Calculate 0 - (-3 - 1) - 0.
4
Calculate (-4 - -1) + 0 + 5 + 3.
5
What is the value of (85 - 95) + (0 - -9)?
-1
What is 1 - (3 + -5 + -4 + 7)?
0
What is -6 + (1 - 0) - -2 - -8?
5
What is the value of 0 + (4 - 7) - -3?
0
What is -1 + (3 - -1) - (2 + -3)?
4
What is the value of 2 + 1 + (-3 - (-1 + -1))?
2
Evaluate 5 - -8 - 1 - 7.
5
What is 1 - (-2 + 1) - (8 + -11)?
5
What is the value of (-6 - (2 - 12)) + -1?
3
Calculate 4 + (7 - (14 - 0)).
-3
Evaluate -9 + 2 + 1 - (-6 + 3).
-3
-4 - (3 - 15) - 10
-2
(0 - (-11 - -8)) + 0
3
Evaluate 15 + -19 + 2 + 1.
-1
Calculate (-26 - -20 - (0 + 3)) + 1.
-8
Calculate -2 + 4 - -2 - 5.
-1
0 + 10 + -7 + -9
-6
Evaluate -3 + (-2 - -2) + 0 + -1.
-4
Calculate -4 + 1 + 8 + -4.
1
What is -5 - (5 + 0 - 8)?
-2
Evaluate (38 - 42) + (-1 - -5).
0
Evaluate (-3 - (-5 + -2)) + 1.
5
Evaluate -2 - -3 - 6 - -5.
0
Calculate (-1 - 1) + 4 + (1 - 0).
3
Calculate -5 + (8 - (4 + 1)) + -3.
-5
Evaluate -2 - (-1 - 1 - -5 - 0).
-5
What is the value of (3 - -6) + 4 + -9 + 1?
5
Evaluate 2 + (-5 + 3 - 2 - 2).
-4
-1 + (4 - 7 - -3) + 4
3
What is the value of 4 - 0 - (5 - (8 - 6))?
1
Calculate -5 - (0 + -6 + 2).
-1
What is (-26 - (-30 + 4)) + (1 - -5)?
6
What is the value of (7 - 10) + -1 - -2?
-2
What is the value of -5 + 0 - (45 + -56)?
6
What is (-1 - -1) + 0 - (11 + -10)?
-1
Calculate 8 - (7 - (6 - -1)).
8
6 + (-5 - -6) + -11 - -3
-1
What is the value of -3 + -11 + 12 + (3 - 7)?
-6
Calculate 5 - (-16 + 10) - 3.
8
What is (-2 - (-4 - -4)) + -1 + 3?
0
What is the value of -3 + -2 + 3 + -5?
-7
What is the value of 1 - (0 + -5) - (-105 + 110)?
1
Evaluate -1 + (2 - -10) - (-20 - -26).
5
6 + 5 + 4 + 4 + -16
3
Calculate -4 - (9 - 4 - 6).
-3
72 + -62 + (-4 - 0)
6
What is 1 - ((4 - 2) + -1)?
0
Calculate 4 + 0 + -1 + (-5 - -4).
2
0 + 4 - (8 - (1 + 3))
0
Evaluate 2 - (-3 - (-9 + 2 + -3)).
-5
(0 - (4 + 5 + -6)) + 5
2
Evaluate (3 - -1 - (5 + -7)) + -1.
5
Calculate (-2 - -4) + (-2 - -5) + -1.
4
5 + 3 + (-3 - -1)
6
What is the value of (-2 - -4) + -8 + 5?
-1
What is the value of -57 + 68 - (6 + 0)?
5
1 + 0 + -8 + 12
5
Evaluate (1 - (6 - 5)) + -2.
-2
Calculate (-1 - -7) + -10 + -1.
-5
What is 10 - -2 - 7 - 1?
4
Evaluate 9 + 1 - (-24 - -34).
0
Evaluate (8 + -1 - -2) + -5.
4
(4 - 11) + -8 + 14
-1
Calculate 7 - (3 + (0 - 1) + 4).
1
Evaluate (3 - -1) + (3 - 2).
5
-20 - -22 - (3 - (-1 - -1))
-1
-27 + 36 + (2 - 10)
1
What is the value of -6 - (-7 - -1) - (0 + 1)?
-1
What is 5 + (-8 - -13 - 5) - 8?
-3
Evaluate (41 - 34) + 2 + -9.
0
Calculate 2 - (-1 - -5 - 3).
1
What is the value of -5 + (0 - ((2 - 5) + 3))?
-5
What is the value of 5 - (2 + -1 - (-5 + 2))?
1
-4 + 4 + -3 + -2
-5
Evaluate -3 - (8 + -10 - 7).
6
What is the value of 6 - (-1 + 2) - 13?
-8
Evaluate -2 - -6 - (-1 + -1 + 2).
4
Calculate 1 + -3 + -1 + 71 + -69.
-1
What is the value of 3 + -1 + 3 + (2 - 8)?
-1
What is the value of ((2 - -2) + -3 - 2) + 5?
4
(0 - -4) + 10 + -21 + 14
7
6 + -7 + 4 + 1 - 7
-3
What is the value of 12 + -8 + (10 - 21)?
-7
Evaluate 1 + (2 + 6 - (11 + -7)).
5
What is the value of 7 + (7 - 0 - 8)?
6
What is the value of -3 - (-1 + 2 + -4)?
0
Calculate -17 + 14 + 1 + 2.
0
-1 + 2 - (9 + -18 + 6)
4
Calculate -7 - (-5 - 11) - 9.
0
Evaluate (-3 - 1) + (22 - 21).
-3
What is the value of -3 - (6 - 4 - 9)?
4
What is (-2 - -8) + -3 - 6?
-3
What is 22 - 21 - (1 - -6)?
-6
What is the value of 6 + 2 + -7 - (1 + -1)?
1
Calculate -5 - ((-1 - -4) + -44 + 40).
-4
What is 9 + 0 - ((2 - 4) + 6)?
5
5 + -2 + (4 - 4)
3
What is -2 - (1 - (-1 - 1 - -1))?
-4
What is the value of -6 + (2 - -1) - (2 + -1)?
-4
Calculate -2 + -8 + 9 + 0.
-1
Evaluate -2 + 1 + 1 + (-6 - -7).
1
Evaluate 2 + 2 + 0 + 0 + -4.
0
-3 + (-3 - -2) - -5
1
1 + (-7 - -4) + 3
1
What is -2 + -1 + 7 + -5?
-1
Evaluate -4 + (9 - 2) + -3.
0
What is 3 + 0 + -7 + 5 - 0?
1
What is the value of -1 - (-8 + (3 - -2) - 2)?
4
Evaluate -1 - 1 - -4 - -2.
4
What is the value of -1 + 8 + -4 - (3 + 5)?
-5
What is the value of 1 + (4 - 3) - 7?
-5
What is 2 + (-4 - -5 - -1)?
4
Evaluate 3 - ((3 - 3) + 4).
-1
Calculate (1 - 4) + (0 - (-1 + 0)).
-2
What is (-3 - (6 - 3)) + 1 + 1?
-4
What is -2 - ((-4 - 0) + 2 + 1)?
-1
Calculate -2 + 6 + (0 - 0) + 1.
5
-2 + -3 - (-10 + 3)
2
4 - -4 - 2 - 10
-4
Evaluate 1 - (4 + (0 - 2)) - -2.
1
(2 - 0) + -3 - -7
6
What is the value of 21 + 15 + -42 - (1 - 7)?
0
Calculate 41 + -39 - (7 + 0).
-5
Evaluate -2 - (3 - (-5 + 12)).
2
Calculate 6 + -2 + (1 - 1).
4
What is -4 + 3 - -2 - (10 + -7)?
-2
What is (-1 + -6 + 2 - -5) + 1?
1
(10 - 14) + 8 + 2 + 0
6
Evaluate 3 + -10 - (-2 + 2 + -4).
-3
Calculate -1 + (5 - (-3 + 12) - -10).
5
What is -5 + (6 + -3 - 0)?
-2
Calculate 17 - (6 - -1) - 8.
2
Evaluate -1 - (-5 + 1 - -4).
-1
What is 3 - (-1 - -7 - (74 - 67))?
4
Calculate 9 - (16 + -8) - 12.
-11
What is -5 + 1 + 1 + 4?
1
What is -3 + (-7 - -6 - -2)?
-2
Evaluate -5 + 9 - 3 - -4.
5
What is (0 - -3) + 4 + -10 - -1?
-2
(1 - 0 - 0) + -10 + 9
0
Calculate 3 - (1 + (4 - 4)) - -2.
4
Calculate -2 + 7 + (-4 - -2) - 4.
-1
What is -13 - (-19 + 8 - -4)?
-6
What is the value of 2 - 1 - 2 - (31 - 30)?
-2
-9 + -4 + (14 - -6)
7
What is the value of (-4 - (2 - 10)) + -5 + -4?
-5
-1 + (-4 - (-8 - -3)) + 3
3
Calculate 9 - 0 - (-1 - -6).
4
2 + -7 - (5 + -5 - 1)
-4
Calculate -21 + 16 + 12 + -15.
-8
What is (-7 - (-4 + 4)) + 4?
-3
Evaluate (2 - 5 - -5) + 3.
5
Evaluate -14 + 16 + (0 - 1).
1
What is the value of (7 - 1) + -4 + -7 + 3?
-2
4 + -1 + -11 + 6
-2
Evaluate -2 - 2 - (-4 + -3).
3
What is 0 + -1 - -4 - (1 + 2)?
0
Calculate 1 - (-3 + 0) - 3.
1
What is the value of -12 + -1 + 22 + -15?
-6
What is the value of (0 -